80357 (base 16) in base 12?
-63a873
What is 25994 (base 15) in base 5?
12322124
63760 (base 12) to base 6
2445000
What is 110112110120 (base 3) in base 10?
246741
What is -99580 (base 11) in base 16?
-23439
What is -4144110 (base 5) in base 7?
-404106
Convert -33151 (base 11) to base 7.
-260133
What is -312103121 (base 4) in base 13?
-7a318
What is 113c1a (base 14) in base 13?
177162
Convert 375095 (base 12) to base 14.
1961c5
1142005325 (base 6) to base 12
4416845
-4a017b (base 16) to base 11
-2812a00
Convert 20221110112000 (base 3) to base 14.
6c09a7
Convert 140043201 (base 5) to base 11.
442515
10010101011000001000 (base 2) to base 15
c144d
-e408e0 (base 15) to base 7
-161050065
Convert 1213124021 (base 5) to base 10.
2864261
-a67004 (base 15) to base 12
-279bba1
1001001110001110011 (base 2) to base 11
197053
Convert -1335536 (base 7) to base 5.
-21133020
What is -9c93 (base 16) in base 2?
-1001110010010011
Convert -2cd31 (base 16) to base 3.
-100022212001
What is 1e9c3 (base 15) in base 10?
100083
What is -12212123002 (base 4) in base 9?
-3226401
What is -1086308 (base 9) in base 14?
-1146b8
-10101110010101000011 (base 2) to base 3
-1100021111100
Convert 1a508aa (base 13) to base 4.
201020020010
What is -15a904 (base 14) in base 5?
-143242422
-6c810 (base 14) to base 6
-5402514
Convert 1010011110100111 (base 2) to base 16.
a7a7
-228075 (base 9) to base 5
-13341440
What is 1359c5 (base 16) in base 6?
43103045
What is 4356145 (base 8) in base 16?
11dc65
3033303111 (base 4) to base 15
11c2dc
What is 5445470 (base 8) in base 4?
11210230320
-367469 (base 14) to base 5
-434122203
What is -508a90 (base 11) in base 15?
-11220c
Convert 22212120200 (base 3) to base 7.
1325124
-1436721 (base 8) to base 13
-114249
Convert 86917 (base 11) to base 14.
33ddb
What is 628832 (base 9) in base 4?
1123102211
1910254 (base 11) to base 8
14260172
What is -6614336 (base 7) in base 11?
-504095
What is -230030222 (base 5) in base 8?
-3703332
Convert 624257 (base 8) to base 3.
101111222112
Convert 7604621 (base 9) to base 14.
782118
Convert 110110101110000100 (base 2) to base 4.
312232010
Convert 102002000011 (base 3) to base 9.
362004
Convert 147012 (base 9) to base 3.
11121000102
What is 134474c (base 14) in base 4?
203200232200
What is -20bc2 (base 16) in base 4?
-200233002
-10101001000101100 (base 2) to base 12
-42124
What is 23012100312 (base 4) in base 5?
1221043423
What is -87948 (base 16) in base 13?
-165a02
48880 (base 12) to base 2
10111111011100000
Convert -5523723 (base 8) to base 7.
-15422506
What is 236506 (base 7) in base 9?
65137
Convert -272884 (base 10) to base 5.
-32213014
-30011231 (base 4) to base 6
-1021125
-101101100101111011 (base 2) to base 5
-21433442
Convert -25ab2 (base 12) to base 2.
-1100100111100110
What is -2230 (base 8) in base 9?
-1546
Convert -321556 (base 10) to base 13.
-b3491
Convert 336573 (base 9) to base 10.
201675
What is -151402021 (base 6) in base 4?
-30002313331
Convert -52acc8 (base 14) to base 4.
-22222212100
Convert -568a82 (base 14) to base 7.
-34010022
What is 355974 (base 15) in base 8?
11564763
308446 (base 10) to base 12
12a5ba
Convert -3983598 (base 10) to base 5.
-2004433343
Convert 31123301221 (base 4) to base 16.
35bc69
Convert 12021220022020 (base 3) to base 12.
b37880
What is -178dba (base 14) in base 12?
-341174
What is 28851 (base 14) in base 16?
18847
Convert 230322 (base 8) to base 5.
4444114
What is 46067 (base 8) in base 10?
19511
What is 1540 (base 16) in base 15?
192a
100003333021 (base 4) to base 5
2034220013
What is -80a8 (base 13) in base 6?
-214002
-31102302011 (base 4) to base 11
-1a70205
Convert 102011323011 (base 4) to base 11.
274a415
1ac05 (base 13) to base 7
306151
Convert 11102632 (base 8) to base 12.
975162
10353211 (base 6) to base 8
1136307
4120433 (base 5) to base 6
1234053
Convert 403876 (base 9) to base 8.
722774
-191998 (base 15) to base 3
-2022000021022
93bba (base 15) to base 2
1110010010110110000
Convert 35939 (base 11) to base 12.
25b11
What is -2361203 (base 9) in base 13?
-35a98a
Convert -1110000000101101010100 (base 2) to base 9.
-6817257
Convert 244fd9 (base 16) to base 10.
2379737
Convert 1023324 (base 5) to base 9.
25705
c7a01 (base 16) to base 14
173da9
3352213 (base 7) to base 14
ab943
155547 (base 11) to base 12
b7967
Convert 2230111 (base 5) to base 13.
14c23
43323d (base 15) to base 4
30031100020
What is -2a0752 (base 14) in base 13?
-3c2160
Convert -20220110211 (base 3) to base 5.
-13322230
297641 (base 12) to base 8
2521721
Convert 173bc9 (base 13) to base 9.
1073341
Convert -48d5f (base 16) to base 10.
-298335
What is 2a089 (base 13) in base 8?
232545
-1276931 (base 12) to base 10
-3640501
What is 133440114 (base 6) in base 15?
383b01
200020221 (base 3) to base 6
141341
-104cec (base 16) to base 9
-2007344
-23a013 (base 14) to base 8
-4513461
-11431781 (base 9) to base 5
-2411243113
Convert 14153 (base 9) to base 15.
2ca6
-106bb2 (base 13) to base 10
-386479
What is -1042540353 (base 6) in base 10?
-11334957
What is 555322 (base 7) in base 5?
11113133
-2211012101 (base 3) to base 8
-154375
What is -505743 (base 8) in base 12?
-806ab
315b665 (base 12) to base 16
8e5eed
What is 13112231033 (base 4) in base 10?
1928015
-201020203 (base 4) to base 6
-2524151
-8b9c (base 14) to base 10
-24246
What is -526ac (base 13) in base 2?
-100100001110000011
Convert -42246353 (base 7) to base 10.
-3574931
1354a9 (base 11) to base 14
574b6
Convert -39398 (base 10) to base 6.
-502222
What is 32522 (base 15) in base 8?
470046
Convert -1010010001010100011 (base 2) to base 6.
-11114031
What is 12acc6 (base 14) in base 4?
2131120032
Convert -41004311 (base 8) to base 2.
-100001000000100011001001
Convert 31d01 (base 15) to base 2.
100110100111100000
1102020100110 (base 3) to base 5
143040313
What is -23040332 (base 5) in base 6?
-4224221
-18731 (base 14) to base 9
-103667
What is -201250 (base 8) in base 6?
-1230320
What is -112010211220 (base 3) in base 2?
-1000011111101011111
What is 123500546 (base 7) in base 14?
1084696
106363 (base 9) to base 7
353532
What is 111111000100000100 (base 2) in base 10?
258308
Convert 174376 (base 16) to base 11.
9514a9
What is -69765 (base 10) in base 11?
-48463
Convert 263ab (base 14) to base 8.
267523
514214 (base 6) to base 3
2002102001
Convert 122000221202 (base 3) to base 7.
2564366
Convert -2022112010 (base 3) to base 16.
-b20b
-2020160 (base 8) to base 3
-1000001120122
6165338 (base 9) to base 13
8b2c38
-132221132 (base 5) to base 11
-4138a1
1332310032 (base 4) to base 11
325297
What is -11211103213 (base 4) in base 3?
-2202100120201
Convert -1101010100001100110011 (base 2) to base 3.
-20120100012220
1421743 (base 8) to base 13
111211
What is -111400422 (base 5) in base 12?
-1bb737
Convert -81560 (base 13) to base 10.
-231608
106100661 (base 8) to base 4
1012020012301
149c0 (base 13) to base 10
39026
528394 (base 13) to base 3
10122010220211
Convert -23a3b (base 15) to base 9.
-182842
What is 36393 (base 10) in base 15?
abb3
100111001110110010110 (base 2) to base 6
43315302
-3aa7c (base 13) to base 6
-2202410
Convert -2303144 (base 6) to base 8.
-345150
Convert -102042330 (base 5) to base 14.
-b0acb
Convert 21123011211 (base 4) to base 10.
2470245
What is 133a03 (base 11) in base 2?
110011010100000100
Convert 10111101110001 (base 2) to base 3.
121122211
-2312303323 (base 4) to base 15
-ebcea
What is 354056 (base 8) in base 13?
43034
-1110010001111000 (base 2) to base 11
-3aa41
What is -1195322 (base 10) in base 16?
-123d3a
Convert 2222120222120 (base 3) to base 2.
110000011010001110100
What is 6a84c (base 14) in base 2?
111111010111110100
Convert 20213022330 (base 4) to base 14.
42aa4c
-11001031103 (base 4) to base 13
-370b02
What is 14247435 (base 8) in base 16?
314f1d
Convert -3183840 (base 10) to base 12.
-1096600
What is -1662462 (base 7) in base 11?
-14a747
What is -24144 (base 6) in base 2?
-110111000000
What is 100032300 (base 4) in base 9?
111166
What is -205475 (base 10) in base 13?
-726aa
What is 46aa30 (base 16) in base 5?
2141143323
Convert -c0026 (base 13) to base 9.
-572158
Convert 234322401 (base 5) to base 6.
35202045
What is -1d9c97 (base 16) in base 15?
-285006
1390696 (base 10) to base 13
398cc8
Convert 44213441 (base 5) 